d) = 5*c(d) - 8*i(d). Determine z(3).
4
Let u(l) = l + 1 - 2 - 2*l + 0. Calculate u(-2).
1
Let c = 1 + 0. Let u(o) = 3*o + 0 + c - 5*o. Let d = 73 - 78. Give u(d).
11
Let y(q) = -3*q**3 + 9*q**2 - 8*q + 11. Let n(p) = -4*p**3 + 10*p**2 - 9*p + 12. Let m(f) = 4*n(f) - 5*y(f). Let r = 2 + -8. Give m(r).
5
Let x be (-18)/6 + 7*1. Let p(q) = 0*q**2 + q - 5*q + 5 + q**2. Calculate p(x).
5
Let p(y) = y**3 + 4*y**2 + 2*y - 4. Suppose -4*u + 21 = -79. Suppose x = 6*x - 2*s + u, -5*s + 34 = -3*x. Give p(x).
-1
Suppose -14 = -r + 3*n, 2*r + 26 = 5*r - 5*n. Let f(x) = x - 7. Let u(h) = -4*h + 22. Let v(q) = r*u(q) + 7*f(q). What is v(-6)?
1
Let f(c) = 3*c. Let z(n) = -n**2 + n. Let b be z(2). Let h = b - -3. Let l = h + -3. Calculate f(l).
-6
Let m(l) be the first derivative of l**4/4 - 4*l**3/3 - 2*l**2 - l + 1. Let j be (-1)/3 - 6/9. Let i = j + 6. Give m(i).
4
Let z(s) be the third derivative of s**6/120 - s**5/10 + s**4/12 - 3*s**3/2 + 12*s**2. Give z(6).
3
Let l(s) = 4*s**2 + s - 1. Suppose -3*b + 0*b = -6. What is l(b)?
17
Suppose 5*u - 6 = 2*u. Suppose 2*l + u = 0, 0 = 4*a - 3*a + 5*l - 4. Let n be (15/(-9))/((-3)/a). Let r(k) = -2*k - 1. Give r(n).
-11
Let p(a) = -a - 5. Let t = 23 - 26. Let r be (-2 + t - -2) + 7. Determine p(r).
-9
Let o = 1 + 6. Let d(q) = -3*q**3 - 1 + 3*q**3 + 5*q**3 - 4*q**3 + 5*q**2 - o*q. What is d(-6)?
5
Let s(q) = 0*q + 0*q - 6 + 3*q. Let p(y) = -2*y + 5. Let v(t) = -4*p(t) - 3*s(t). Determine v(-3).
1
Let j be ((-2)/(-6) + 40/60)/1. Let k(g) be the second derivative of -g**5/5 + g**4/12 - g. What is k(j)?
-3
Let b(a) = -2*a - 1. Let j be (-154)/(-11)*(-2)/(0 + 4). Determine b(j).
13
Let i(g) be the first derivative of -g**3/3 - 9*g**2/2 - 2*g + 27. Give i(-6).
16
Suppose 5*f - n - 4*n + 25 = 0, 3*f - 10 = -2*n. Let y(s) = f*s - s**2 + 5*s + 0*s**2 - 3 - 2*s. What is y(3)?
-3
Let l = -46 + 46. Let a(o) be the second derivative of -11/2*o**2 - 1/6*o**3 + 2*o + 0 - 1/12*o**4. Calculate a(l).
-11
Suppose 30 = -5*o + 5*w - 3*w, 5*o - 4*w = -30. Let x(v) be the second derivative of v**5/20 + 7*v**4/12 + 4*v**3/3 - v**2 + 2*v. Determine x(o).
-14
Let n(p) be the second derivative of -p**3/6 - 3*p**2/2 + p. Let f be n(-5). Let m(i) = f*i + 0*i + 3 - i**2 + 0*i**2. What is m(3)?
0
Let i(g) = -7 - g + 3 + 9 - 2. Determine i(-7).
10
Suppose 4*u - 7*u = -3. Let q(h) be the first derivative of 5*h**4/24 + h**3/6 + h**2/2 - 1. Let w(j) be the second derivative of q(j). What is w(u)?
6
Let l(v) = v - 2. Suppose 0 = -3*o - 0*o + 9. Suppose 2 - 8 = 5*w - 4*a, -4*w = o*a - 20. Calculate l(w).
0
Let a(w) be the third derivative of 0 - 2*w**2 + 0*w + 1/60*w**5 + 1/120*w**6 - 5/6*w**3 + 1/24*w**4. Let i(x) = x + 7. Let t be i(-7). Determine a(t).
-5
Let a(p) be the second derivative of p**4/12 - 7*p**3/6 + 3*p**2 + 4*p. Give a(5).
-4
Let v(l) = -4*l**3 - l**2 + l. Let a(h) be the second derivative of h**3/6 - 11*h**2/2 - 2*h. Let b be a(5). Let d be (-3*2/b)/1. What is v(d)?
-4
Let a(f) = -2*f**2 + 0*f**2 - 2*f**2 + 5*f**2. Let y(d) = d**3 - 6*d**2 - d + 6. Let m be y(6). Give a(m).
0
Let s(g) = -g**2 - g - 2*g + 4 + 2*g. Let r be s(-3). Let j(q) = 3*q**2 + 2*q + 2. Calculate j(r).
10
Let r(w) be the third derivative of 1/60*w**5 + 0*w + 0 - 1/2*w**3 + 8*w**2 - 5/24*w**4. Give r(4).
-7
Let i be (3 - 4)/((-4)/(-64)). Let d = i - -18. Let v(z) = z**3 - 5*z**2 + 2*z + 1. What is v(d)?
-7
Let o(a) = 2*a - 2*a - 3*a - 7. Let r(l) = -3*l + 0 - 3 - 5. Let i(v) = 4*o(v) - 3*r(v). Calculate i(-3).
5
Suppose 2*a = -a + g - 1, a + g + 3 = 0. Suppose 11 + 14 = 5*f. Let h(d) = f*d - d - 3*d - 1 + 2*d. Calculate h(a).
-4
Suppose -2*q = -g - 9, g - q + 7 = -2*g. Let y(l) = l**2. What is y(g)?
1
Let j(n) = n**3 + 5*n**2 + 3*n + 5. Let v be (8/(-5))/((-30)/(-75)). Calculate j(v).
9
Let u(r) = r**3 - 5*r**2 + r + 6. Suppose 4*k = z + 21 - 1, 15 = 3*k - 5*z. What is u(k)?
11
Suppose -4*u + k = -3, -5*u + 5*k = 12 + 3. Suppose 0*g - u = -g. Let f(s) = 1 - s**g + 3*s + 1 + 0. Give f(-2).
-8
Let i be (-2)/2 + 5 + 4. Let u = i - 6. Suppose -5*j = -x + 22, x = -4*j - u - 21. Let y(p) = -p - 6. Give y(j).
-1
Let q(s) be the first derivative of -s**3/3 + 2*s**2 - 2*s - 5. Give q(4).
-2
Let a be (2 - (3 - 0))*-2. Let q(t) be the second derivative of 3/2*t**2 - 1/2*t**3 + 0 + 1/12*t**4 - a*t. Give q(4).
7
Let w(x) = -x**3 - 2*x**2 - 2*x - 1. Let q = -2 - -7. Suppose -q*p = -3*p. Let d = p + -2. Calculate w(d).
3
Let b(g) = 0 + 0 + g + g**2. Suppose w - 4*w = 0. Suppose -5*d + w*d + h = -6, -5*d - 4*h = -1. Give b(d).
2
Let y(g) be the second derivative of -g**5/20 - g**3/6 - 2*g**2 - 17*g. Determine y(0).
-4
Let q be 12*(3/(-6) - -1). Suppose 1 = x + q, 0 = -2*z - x - 1. Let j(i) = 3 - 4 - i**z + i - 4. What is j(0)?
-5
Let t = 0 - -1. Let o = t + 2. Let w(m) = -4 - 4*m + 0 + 0 + 3*m**2 + m**o. Determine w(-4).
-4
Let d(f) = 10 + f - 5 + f**2 + 6. Determine d(0).
11
Let u(m) = -2*m**3 - 4 - m**3 - 7*m**2 + 10*m**2 + 2*m**3. Let y = -8 - -11. Determine u(y).
-4
Let b(q) = 4*q**3 - q**2 - 7*q - 5. Let s be (15/6 + -2)*2. Let r(x) = x**3 - x**2 - x - 1. Let y(v) = s*b(v) - 3*r(v). Give y(-3).
1
Suppose -6*u = -9*u + 21. Let n(p) = p**3 - 7*p**2 - p + 8. Give n(u).
1
Let f be (-1 + 4)*(0 + -1). Let i(b) = 6*b - 2*b**2 - 8*b - 2*b**2 - 3 + 0*b**3 - b**3. What is i(f)?
-6
Let c(i) = -5*i**3 - i**2 + 2*i - 5. Let u(w) = 16*w**3 + 2*w**2 - 8*w + 16. Let y(a) = 10*c(a) + 3*u(a). Let o = 5 + -3. Let v be o*1/1*-1. Give y(v).
6
Let w = 5 - 2. Suppose 4*f = -4*c - 32, 2*f + f = w*c. Let v(n) be the second derivative of -n**5/20 - n**4/3 + n**3/3 + 3*n**2 - 2*n - 1. Calculate v(c).
-2
Let v = 95 - 99. Let p(o) = 3*o + 6. Let j(k) = 4*k + 7. Let s(n) = -2*j(n) + 3*p(n). Give s(v).
0
Let z(j) = j**3 + 6*j**2 - 8. Let f = 9 + -15. Give z(f).
-8
Let w(c) = -c**3 - 1. Suppose -2*i - 4*f + 24 = 0, 11 + 4 = 3*i - f. Let v be i*-4*(-3)/18. Suppose 2 - v = -2*x. Calculate w(x).
-2
Let s be (-2)/(-15) - 309/(-45). Let q(i) = -15 + 15 + s*i. Calculate q(2).
14
Let w be ((-8)/10)/((-21)/15 - -1). Let p(s) = 3*s**2 - 2*s - 2. Give p(w).
6
Let a(k) be the second derivative of -k**2 + 0 + 1/6*k**3 - 2*k. Give a(4).
2
Let h(z) = 5*z**2 + 5*z - 3. Let r(f) = 20*f**2. Let n(y) = -7*y**2 - 4*y**2 + 4*y**2. Let w(a) = 17*n(a) + 6*r(a). Let i(k) = -h(k) + 6*w(k). What is i(4)?
-1
Let o(l) be the first derivative of 1/6*l**4 - l - 2 + 0*l**3 - 1/20*l**5 + 1/2*l**2. Let z(t) be the first derivative of o(t). What is z(2)?
1
Let x(q) = -3*q**2 - 5*q - 21. Let c(r) = r**2 + 2*r + 10. Let h(y) = -5*c(y) - 2*x(y). What is h(0)?
-8
Let g(t) = -t**2 + t. Let u(a) = -a**2 + 1. Let m(r) = r - 10. Let h be m(7). Let q(i) = h*g(i) + u(i). Calculate q(2).
3
Let a(t) = 0*t - 8*t**2 + 2 - t**2 - 4*t. Let n(f) = 4*f**2 + 2*f - 1. Let k(q) = -3*a(q) - 7*n(q). Let u be 1 + 0*1/2. What is k(u)?
-2
Let v(k) = -12 - 3*k + 11 - 3*k. Let x = -2 + 1. Calculate v(x).
5
Let n(c) = -3 - 3 - 3*c**2 + 10 - 7 + 5*c - c**3. What is n(-4)?
-7
Let f(b) = -3*b + 2. Suppose 2*a + 11 = -2*z + 5*z, 3*z - 4*a - 13 = 0. Give f(z).
-7
Let v(h) = -7*h + 1. Let r(a) = -a**2 + 3*a - 4. Let s be r(1). What is v(s)?
15
Let k be (-33)/(-4) + 9/12. Suppose -2*p + p - 5*w + 7 = 0, 3*p - k = -3*w. Let u(n) = -n**2 - 3*n - n + p - 4. Give u(-4).
-2
Suppose z = -3, -25 = 3*d + 5*z - 1. Let l(t) = t**3 + 4*t**2 + 3. Determine l(d).
12
Let i(l) = 4*l**3 + 8*l**2 + 6*l + 5. Let g(a) = -11*a**3 - 23*a**2 - 18*a - 15. Let z(s) = -3*g(s) - 8*i(s). Give z(-4).
-3
Let c(g) be the second derivative of g**4/24 + g**2/2 + 4*g. Let j(y) be the first derivative of c(y). Calculate j(5).
5
Let a(y) = 3*y - 4 + 22*y**2 - 23*y**2 + 4*y. Give a(6).
2
Suppose 2*f + 2*u + 18 = 0, -7 + 40 = -2*f - 5*u. Suppose 9 = 3*j + 3*k, -4*j + k - 6*k = -12. Let i(l) = -4 - 4*l - 2 + j*l. Calculate i(f).
-2
Let n = 4 - 3. Let l = n - -1. Let v(j) = 5*j**2 + 6*j - 5*j**2 - 2 - j**l. Give v(3).
7
Let i be 14/(-8)*(0 + -4). Suppose 0 = -4*t + 2*t - 5*f - 7, 3*t + 2*f = 6. Let h be -1*i - (-8)/t. Let g(w) = -2*w - 6. What is g(h)?
4
Let b(f) = f**3 - 6*f**2 - 5*f - 3. Suppose 11*s - 14 = 9*s. Give b(s).
11
Let o(f) = -f. Let w(h) = -2*h**2 + 3*h + 1. Let m(p) = 3*o(p) + w(p). Suppose -2*r + 12*r = -10. Give m(r).
-1
Suppose -4*x + 8 = a, 5*x + 3*a - 17 = -0*x. Let u(z) = 14*z**3 - z